{"id":11,"date":"2021-03-02T23:24:47","date_gmt":"2021-03-02T22:24:47","guid":{"rendered":"https:\/\/pages.mini.pw.edu.pl\/~lucknerm\/?page_id=11"},"modified":"2023-03-16T20:21:29","modified_gmt":"2023-03-16T19:21:29","slug":"programowanie-obiektowe","status":"publish","type":"page","link":"https:\/\/pages.mini.pw.edu.pl\/~lucknerm\/index.php\/przedmioty\/programowanie-obiektowe\/","title":{"rendered":"Programowanie Obiektowe"},"content":{"rendered":"\n<p>Plan wyk\u0142ad\u00f3w<\/p>\n\n\n\n<ol><li>Wprowadzenie (25.02.2022)<\/li><li>Typy proste, \u0142a\u0144cuchy, tablice (25.02.2022)<\/li><li>Klasy i obiekty<\/li><li>Cechy programowania obiektowego<\/li><li>Interfejsy<\/li><li>Tryb wyliczeniowy<\/li><li><span style=\"font-size: 1rem;\">Obs\u0142uga wyj\u0105tk\u00f3w<\/span><\/li><li>Elementy programowania generycznego<\/li><li>Kolekcje<\/li><li>Mechanizmy wej\u015bcia\/wyj\u015bcia<\/li><li>Grafika w Javie<\/li><li>Obs\u0142uga zdarze\u0144<\/li><li>Interfejs u\u017cytkownika<\/li><li>W\u0105tki<\/li><li>Dokumentacja kodu<\/li><li>Przygotowanie i udost\u0119pnianie aplikacji<\/li><\/ol>\n\n\n<style type='text\/css'>\r\n  #mla_gallery-1 {\r\n    margin: auto;\r\n  }\r\n  #mla_gallery-1 .gallery-row {\r\n    float: none;\r\n    margin-top: 10px;\r\n    border-top: 1px solid #ddd;\r\n    text-align: center;\r\n    width: 30.3%;\r\n    \r\n  }\r\n  #mla_gallery-1 .gallery-row td.gallery-icon {\r\n    width: 60;\r\n    height: 60;\r\n    vertical-align: top;\r\norientation:landscape\r\n  }\r\n  #mla_gallery-1 .gallery-row .gallery-icon img {\r\n    border: 2px solid #cfcfcf;\r\n  }\r\n  #mla_gallery-1 .gallery-caption {\r\n    margin-left: 0;\r\n    vertical-align: top;\r\n  }\r\n<\/style><div id='mla_gallery-1' class='gallery galleryid-11 gallery-columns-3 gallery-size-thumbnail'>\r\n<!-- row-open -->\r\n<figure class='gallery-item '>\r\n\t<div class='gallery-icon landscape'>\r\n\t\t<a href=\"https:\/\/pages.mini.pw.edu.pl\/~lucknerm\/wp-content\/uploads\/2021\/03\/01_Handout_ProgramowanieObiektowe.pdf\" title=\"Wprowadzenie\"><img src=\"https:\/\/pages.mini.pw.edu.pl\/~lucknerm\/wp-content\/plugins\/media-library-assistant\/includes\/mla-stream-image.php?mla_admin_nonce=45f034d5e1&page=mla-menu&mla_stream_file=%2Fhome2%2Fsamba%2Flucknerm%2Fpublic_html%2Fwp-content%2Fuploads%2F2021%2F03%2F01_Handout_ProgramowanieObiektowe.pdf&mla_stream_width=400&mla_stream_height=300&mla_stream_fit=1&mla_stream_resolution=300\" alt=\"Wprowadzenie\"><\/a>\r\n\t<\/div>\r\n\t<figcaption class='wp-caption-text gallery-caption' id='mla_gallery-1-17'>\n\tWprowadzenie\n\t<\/figcaption><\/figure><figure class='gallery-item '>\r\n\t<div class='gallery-icon landscape'>\r\n\t\t<a href='https:\/\/pages.mini.pw.edu.pl\/~lucknerm\/wp-content\/uploads\/2021\/03\/02_Handout_ProgramowanieObiektowe.pdf'><img width=\"150\" height=\"116\" src=\"https:\/\/pages.mini.pw.edu.pl\/~lucknerm\/wp-content\/uploads\/2021\/03\/02_Handout_ProgramowanieObiektowe-pdf-150x116.jpg\" class=\"attachment-thumbnail size-thumbnail\" alt=\"\" loading=\"lazy\" \/><\/a>\r\n\t<\/div>\r\n\t<figcaption class='wp-caption-text gallery-caption' id='mla_gallery-1-22'>\n\tTypy proste, \u0142a\u0144cuchy, tablice\n\t<\/figcaption><\/figure><figure class='gallery-item last_in_row'>\r\n\t<div class='gallery-icon landscape'>\r\n\t\t<a href='https:\/\/pages.mini.pw.edu.pl\/~lucknerm\/wp-content\/uploads\/2021\/03\/03_Handout_ProgramowanieObiektowe.pdf'><img width=\"150\" height=\"116\" src=\"https:\/\/pages.mini.pw.edu.pl\/~lucknerm\/wp-content\/uploads\/2021\/03\/03_Handout_ProgramowanieObiektowe-pdf-150x116.jpg\" class=\"attachment-thumbnail size-thumbnail\" alt=\"\" loading=\"lazy\" \/><\/a>\r\n\t<\/div>\r\n\t<figcaption class='wp-caption-text gallery-caption' id='mla_gallery-1-129'>\n\tKlasy i obiekty\n\t<\/figcaption><\/figure><br style=\"clear: both\" \/>\r\n<!-- row-open -->\r\n<figure class='gallery-item '>\r\n\t<div class='gallery-icon landscape'>\r\n\t\t<a href=\"https:\/\/pages.mini.pw.edu.pl\/~lucknerm\/wp-content\/uploads\/2021\/03\/04_Handout_ProgramowanieObiektowe.pdf\" title=\"Cechy programowania obiektowego\"><img src=\"https:\/\/pages.mini.pw.edu.pl\/~lucknerm\/wp-content\/plugins\/media-library-assistant\/includes\/mla-stream-image.php?mla_admin_nonce=45f034d5e1&page=mla-menu&mla_stream_file=%2Fhome2%2Fsamba%2Flucknerm%2Fpublic_html%2Fwp-content%2Fuploads%2F2021%2F03%2F04_Handout_ProgramowanieObiektowe.pdf&mla_stream_width=400&mla_stream_height=300&mla_stream_fit=1&mla_stream_resolution=300\" alt=\"Cechy programowania obiektowego\"><\/a>\r\n\t<\/div>\r\n\t<figcaption class='wp-caption-text gallery-caption' id='mla_gallery-1-130'>\n\tCechy programowania obiektowego\n\t<\/figcaption><\/figure><figure class='gallery-item '>\r\n\t<div class='gallery-icon landscape'>\r\n\t\t<a href='https:\/\/pages.mini.pw.edu.pl\/~lucknerm\/wp-content\/uploads\/2021\/03\/05_Handout_ProgramowanieObiektowe.pdf'><img width=\"150\" height=\"116\" src=\"https:\/\/pages.mini.pw.edu.pl\/~lucknerm\/wp-content\/uploads\/2021\/03\/05_Handout_ProgramowanieObiektowe-pdf-150x116.jpg\" class=\"attachment-thumbnail size-thumbnail\" alt=\"\" loading=\"lazy\" \/><\/a>\r\n\t<\/div>\r\n\t<figcaption class='wp-caption-text gallery-caption' id='mla_gallery-1-147'>\n\tInterfejsy\n\t<\/figcaption><\/figure><figure class='gallery-item last_in_row'>\r\n\t<div class='gallery-icon landscape'>\r\n\t\t<a href='https:\/\/pages.mini.pw.edu.pl\/~lucknerm\/wp-content\/uploads\/2021\/03\/06_Handout_ProgramowanieObiektowe.pdf'><img width=\"150\" height=\"116\" src=\"https:\/\/pages.mini.pw.edu.pl\/~lucknerm\/wp-content\/uploads\/2021\/03\/06_Handout_ProgramowanieObiektowe-pdf-150x116.jpg\" class=\"attachment-thumbnail size-thumbnail\" alt=\"\" loading=\"lazy\" \/><\/a>\r\n\t<\/div>\r\n\t<figcaption class='wp-caption-text gallery-caption' id='mla_gallery-1-148'>\n\tElementy programowania generycznego\n\t<\/figcaption><\/figure><br style=\"clear: both\" \/>\r\n<!-- row-open -->\r\n<figure class='gallery-item '>\r\n\t<div class='gallery-icon landscape'>\r\n\t\t<a href='https:\/\/pages.mini.pw.edu.pl\/~lucknerm\/wp-content\/uploads\/2022\/03\/06_Handout_ProgramowanieObiektowe.pdf'><img width=\"150\" height=\"116\" src=\"https:\/\/pages.mini.pw.edu.pl\/~lucknerm\/wp-content\/uploads\/2022\/03\/06_Handout_ProgramowanieObiektowe-pdf-150x116.jpg\" class=\"attachment-thumbnail size-thumbnail\" alt=\"\" loading=\"lazy\" \/><\/a>\r\n\t<\/div>\r\n\t<figcaption class='wp-caption-text gallery-caption' id='mla_gallery-1-407'>\n\tTryb wyliczeniowy\n\t<\/figcaption><\/figure><figure class='gallery-item '>\r\n\t<div class='gallery-icon landscape'>\r\n\t\t<a href='https:\/\/pages.mini.pw.edu.pl\/~lucknerm\/wp-content\/uploads\/2021\/03\/07_Handout_ProgramowanieObiektowe.pdf'><img width=\"150\" height=\"116\" src=\"https:\/\/pages.mini.pw.edu.pl\/~lucknerm\/wp-content\/uploads\/2021\/03\/07_Handout_ProgramowanieObiektowe-pdf-150x116.jpg\" class=\"attachment-thumbnail size-thumbnail\" alt=\"\" loading=\"lazy\" \/><\/a>\r\n\t<\/div>\r\n\t<figcaption class='wp-caption-text gallery-caption' id='mla_gallery-1-149'>\n\tKolekcje\n\t<\/figcaption><\/figure><figure class='gallery-item last_in_row'>\r\n\t<div class='gallery-icon landscape'>\r\n\t\t<a href='https:\/\/pages.mini.pw.edu.pl\/~lucknerm\/wp-content\/uploads\/2021\/03\/08_Handout_ProgramowanieObiektowe.pdf'><img width=\"150\" height=\"116\" src=\"https:\/\/pages.mini.pw.edu.pl\/~lucknerm\/wp-content\/uploads\/2021\/03\/08_Handout_ProgramowanieObiektowe-pdf-150x116.jpg\" class=\"attachment-thumbnail size-thumbnail\" alt=\"\" loading=\"lazy\" \/><\/a>\r\n\t<\/div>\r\n\t<figcaption class='wp-caption-text gallery-caption' id='mla_gallery-1-150'>\n\tObs\u0142uga wyj\u0105tk\u00f3w\n\t<\/figcaption><\/figure><br style=\"clear: both\" \/>\r\n<!-- row-open -->\r\n<figure class='gallery-item '>\r\n\t<div class='gallery-icon landscape'>\r\n\t\t<a href='https:\/\/pages.mini.pw.edu.pl\/~lucknerm\/wp-content\/uploads\/2021\/03\/09_Handout_ProgramowanieObiektowe.pdf'><img width=\"150\" height=\"116\" src=\"https:\/\/pages.mini.pw.edu.pl\/~lucknerm\/wp-content\/uploads\/2021\/03\/09_Handout_ProgramowanieObiektowe-pdf-150x116.jpg\" class=\"attachment-thumbnail size-thumbnail\" alt=\"\" loading=\"lazy\" \/><\/a>\r\n\t<\/div>\r\n\t<figcaption class='wp-caption-text gallery-caption' id='mla_gallery-1-151'>\n\tMechanizmy wej\u015bcia\/wyj\u015bcia\n\t<\/figcaption><\/figure><figure class='gallery-item '>\r\n\t<div class='gallery-icon landscape'>\r\n\t\t<a href='https:\/\/pages.mini.pw.edu.pl\/~lucknerm\/wp-content\/uploads\/2021\/03\/10_Handout_ProgramowanieObiektowe.pdf'><img width=\"150\" height=\"116\" src=\"https:\/\/pages.mini.pw.edu.pl\/~lucknerm\/wp-content\/uploads\/2021\/03\/10_Handout_ProgramowanieObiektowe-pdf-150x116.jpg\" class=\"attachment-thumbnail size-thumbnail\" alt=\"\" loading=\"lazy\" \/><\/a>\r\n\t<\/div>\r\n\t<figcaption class='wp-caption-text gallery-caption' id='mla_gallery-1-152'>\n\tGrafika w Javie\n\t<\/figcaption><\/figure><figure class='gallery-item last_in_row'>\r\n\t<div class='gallery-icon landscape'>\r\n\t\t<a href='https:\/\/pages.mini.pw.edu.pl\/~lucknerm\/wp-content\/uploads\/2021\/03\/11_Handout_ProgramowanieObiektowe.pdf'><img width=\"150\" height=\"116\" src=\"https:\/\/pages.mini.pw.edu.pl\/~lucknerm\/wp-content\/uploads\/2021\/03\/11_Handout_ProgramowanieObiektowe-pdf-150x116.jpg\" class=\"attachment-thumbnail size-thumbnail\" alt=\"\" loading=\"lazy\" \/><\/a>\r\n\t<\/div>\r\n\t<figcaption class='wp-caption-text gallery-caption' id='mla_gallery-1-153'>\n\tObs\u0142uga zdarze\u0144\n\t<\/figcaption><\/figure><br style=\"clear: both\" \/>\r\n<!-- row-open -->\r\n<figure class='gallery-item '>\r\n\t<div class='gallery-icon landscape'>\r\n\t\t<a href='https:\/\/pages.mini.pw.edu.pl\/~lucknerm\/wp-content\/uploads\/2021\/03\/12_Handout_ProgramowanieObiektowe.pdf'><img width=\"150\" height=\"116\" src=\"https:\/\/pages.mini.pw.edu.pl\/~lucknerm\/wp-content\/uploads\/2021\/03\/12_Handout_ProgramowanieObiektowe-pdf-150x116.jpg\" class=\"attachment-thumbnail size-thumbnail\" alt=\"\" loading=\"lazy\" \/><\/a>\r\n\t<\/div>\r\n\t<figcaption class='wp-caption-text gallery-caption' id='mla_gallery-1-154'>\n\tInterfejs u\u017cytkownika\n\t<\/figcaption><\/figure><figure class='gallery-item '>\r\n\t<div class='gallery-icon landscape'>\r\n\t\t<a href='https:\/\/pages.mini.pw.edu.pl\/~lucknerm\/wp-content\/uploads\/2021\/03\/13_Handout_ProgramowanieObiektowe.pdf'><img width=\"150\" height=\"116\" src=\"https:\/\/pages.mini.pw.edu.pl\/~lucknerm\/wp-content\/uploads\/2021\/03\/13_Handout_ProgramowanieObiektowe-pdf-150x116.jpg\" class=\"attachment-thumbnail size-thumbnail\" alt=\"\" loading=\"lazy\" \/><\/a>\r\n\t<\/div>\r\n\t<figcaption class='wp-caption-text gallery-caption' id='mla_gallery-1-155'>\n\tW\u0105tki\n\t<\/figcaption><\/figure><figure class='gallery-item last_in_row'>\r\n\t<div class='gallery-icon landscape'>\r\n\t\t<a href='https:\/\/pages.mini.pw.edu.pl\/~lucknerm\/wp-content\/uploads\/2021\/03\/14_Handout_ProgramowanieObiektowe.pdf'><img width=\"150\" height=\"116\" src=\"https:\/\/pages.mini.pw.edu.pl\/~lucknerm\/wp-content\/uploads\/2021\/03\/14_Handout_ProgramowanieObiektowe-pdf-150x116.jpg\" class=\"attachment-thumbnail size-thumbnail\" alt=\"\" loading=\"lazy\" \/><\/a>\r\n\t<\/div>\r\n\t<figcaption class='wp-caption-text gallery-caption' id='mla_gallery-1-156'>\n\tDokumentacja kodu\n\t<\/figcaption><\/figure><br style=\"clear: both\" \/>\r\n<!-- row-open -->\r\n<figure class='gallery-item '>\r\n\t<div class='gallery-icon landscape'>\r\n\t\t<a href='https:\/\/pages.mini.pw.edu.pl\/~lucknerm\/wp-content\/uploads\/2021\/03\/15_Handout_ProgramowanieObiektowe.pdf'><img width=\"150\" height=\"116\" src=\"https:\/\/pages.mini.pw.edu.pl\/~lucknerm\/wp-content\/uploads\/2021\/03\/15_Handout_ProgramowanieObiektowe-pdf-150x116.jpg\" class=\"attachment-thumbnail size-thumbnail\" alt=\"\" loading=\"lazy\" \/><\/a>\r\n\t<\/div>\r\n\t<figcaption class='wp-caption-text gallery-caption' id='mla_gallery-1-157'>\n\tPrzygotowanie i udost\u0119pnianie aplikacji\n\t<\/figcaption><\/figure><br style=\"clear: both\" \/>\r\n<\/div>\r\n\n","protected":false},"excerpt":{"rendered":"<p>Plan wyk\u0142ad\u00f3w Wprowadzenie (25.02.2022) Typy proste, \u0142a\u0144cuchy, tablice (25.02.2022) Klasy i obiekty Cechy programowania obiektowego Interfejsy Tryb wyliczeniowy Obs\u0142uga wyj\u0105tk\u00f3w Elementy programowania generycznego Kolekcje Mechanizmy wej\u015bcia\/wyj\u015bcia Grafika w Javie Obs\u0142uga zdarze\u0144 Interfejs u\u017cytkownika W\u0105tki Dokumentacja kodu Przygotowanie i udost\u0119pnianie aplikacji<\/p>\n","protected":false},"author":1,"featured_media":0,"parent":15,"menu_order":0,"comment_status":"closed","ping_status":"closed","template":"","meta":[],"_links":{"self":[{"href":"https:\/\/pages.mini.pw.edu.pl\/~lucknerm\/index.php\/wp-json\/wp\/v2\/pages\/11"}],"collection":[{"href":"https:\/\/pages.mini.pw.edu.pl\/~lucknerm\/index.php\/wp-json\/wp\/v2\/pages"}],"about":[{"href":"https:\/\/pages.mini.pw.edu.pl\/~lucknerm\/index.php\/wp-json\/wp\/v2\/types\/page"}],"author":[{"embeddable":true,"href":"https:\/\/pages.mini.pw.edu.pl\/~lucknerm\/index.php\/wp-json\/wp\/v2\/users\/1"}],"replies":[{"embeddable":true,"href":"https:\/\/pages.mini.pw.edu.pl\/~lucknerm\/index.php\/wp-json\/wp\/v2\/comments?post=11"}],"version-history":[{"count":57,"href":"https:\/\/pages.mini.pw.edu.pl\/~lucknerm\/index.php\/wp-json\/wp\/v2\/pages\/11\/revisions"}],"predecessor-version":[{"id":498,"href":"https:\/\/pages.mini.pw.edu.pl\/~lucknerm\/index.php\/wp-json\/wp\/v2\/pages\/11\/revisions\/498"}],"up":[{"embeddable":true,"href":"https:\/\/pages.mini.pw.edu.pl\/~lucknerm\/index.php\/wp-json\/wp\/v2\/pages\/15"}],"wp:attachment":[{"href":"https:\/\/pages.mini.pw.edu.pl\/~lucknerm\/index.php\/wp-json\/wp\/v2\/media?parent=11"}],"curies":[{"name":"wp","href":"https:\/\/api.w.org\/{rel}","templated":true}]}}