{"id":333,"date":"2021-10-29T11:29:27","date_gmt":"2021-10-29T09:29:27","guid":{"rendered":"https:\/\/pages.mini.pw.edu.pl\/~lucknerm\/?page_id=333"},"modified":"2021-12-09T17:39:25","modified_gmt":"2021-12-09T16:39:25","slug":"projekt-interdyscyplinarny","status":"publish","type":"page","link":"https:\/\/pages.mini.pw.edu.pl\/~lucknerm\/index.php\/przedmioty\/projekt-interdyscyplinarny\/","title":{"rendered":"Projekt Interdyscyplinarny"},"content":{"rendered":"\n<ol><li>Analiza rynku<\/li><li>Narz\u0119dzia do pracy zespo\u0142owej<\/li><li>Organizacja pracy<\/li><li>Ocena pracy badawczej<\/li><li>Model biznesowy<\/li><li>Przygotowanie produktu<\/li><li>Prezentowanie idei<\/li><\/ol>\n\n\n\n<p>Materia\u0142y:<\/p>\n\n\n<style type='text\/css'>\r\n  #mla_gallery-1 {\r\n    margin: auto;\r\n  }\r\n  #mla_gallery-1 .gallery-row {\r\n    float: none;\r\n    margin-top: 10px;\r\n    border-top: 1px solid #ddd;\r\n    text-align: center;\r\n    width: 30.3%;\r\n    \r\n  }\r\n  #mla_gallery-1 .gallery-row td.gallery-icon {\r\n    width: 60;\r\n    height: 60;\r\n    vertical-align: top;\r\norientation:landscape\r\n  }\r\n  #mla_gallery-1 .gallery-row .gallery-icon img {\r\n    border: 2px solid #cfcfcf;\r\n  }\r\n  #mla_gallery-1 .gallery-caption {\r\n    margin-left: 0;\r\n    vertical-align: top;\r\n  }\r\n<\/style><div id='mla_gallery-1' class='gallery galleryid-333 gallery-columns-3 gallery-size-thumbnail'>\r\n<!-- row-open -->\r\n<figure class='gallery-item '>\r\n\t<div class='gallery-icon landscape'>\r\n\t\t<a href='https:\/\/pages.mini.pw.edu.pl\/~lucknerm\/wp-content\/uploads\/2021\/10\/01_Handout_ProjektInterdyscyplinarny.pdf'><img width=\"150\" height=\"116\" src=\"https:\/\/pages.mini.pw.edu.pl\/~lucknerm\/wp-content\/uploads\/2021\/10\/01_Handout_ProjektInterdyscyplinarny-pdf-150x116.jpg\" class=\"attachment-thumbnail size-thumbnail\" alt=\"\" loading=\"lazy\" \/><\/a>\r\n\t<\/div>\r\n\t<figcaption class='wp-caption-text gallery-caption' id='mla_gallery-1-337'>\n\t<a href=\"https:\/\/pages.mini.pw.edu.pl\/~lucknerm\/wp-content\/uploads\/2021\/10\/01_Handout_ProjektInterdyscyplinarny.pdf\" target=\"_blank\" rel=\"noopener\">Analiza rynku<\/a>\n\t<\/figcaption><\/figure><figure class='gallery-item '>\r\n\t<div class='gallery-icon landscape'>\r\n\t\t<a href='https:\/\/pages.mini.pw.edu.pl\/~lucknerm\/wp-content\/uploads\/2021\/10\/02_Handout_ProjektInterdyscyplinarny.pdf'><img width=\"150\" height=\"116\" src=\"https:\/\/pages.mini.pw.edu.pl\/~lucknerm\/wp-content\/uploads\/2021\/10\/02_Handout_ProjektInterdyscyplinarny-pdf-150x116.jpg\" class=\"attachment-thumbnail size-thumbnail\" alt=\"\" loading=\"lazy\" \/><\/a>\r\n\t<\/div>\r\n\t<figcaption class='wp-caption-text gallery-caption' id='mla_gallery-1-338'>\n\t<a href=\"https:\/\/pages.mini.pw.edu.pl\/~lucknerm\/wp-content\/uploads\/2021\/10\/02_Handout_ProjektInterdyscyplinarny.pdf\" target=\"_blank\" rel=\"noopener\">Narz\u0119dzia pracy zespo\u0142owej<\/a>\n\t<\/figcaption><\/figure><figure class='gallery-item last_in_row'>\r\n\t<div class='gallery-icon landscape'>\r\n\t\t<a href='https:\/\/pages.mini.pw.edu.pl\/~lucknerm\/wp-content\/uploads\/2021\/10\/03_Handout_ProjektInterdyscyplinarny.pdf'><img width=\"150\" height=\"116\" src=\"https:\/\/pages.mini.pw.edu.pl\/~lucknerm\/wp-content\/uploads\/2021\/10\/03_Handout_ProjektInterdyscyplinarny-pdf-150x116.jpg\" class=\"attachment-thumbnail size-thumbnail\" alt=\"\" loading=\"lazy\" \/><\/a>\r\n\t<\/div>\r\n\t<figcaption class='wp-caption-text gallery-caption' id='mla_gallery-1-339'>\n\t<a href=\"https:\/\/pages.mini.pw.edu.pl\/~lucknerm\/wp-content\/uploads\/2021\/10\/03_Handout_ProjektInterdyscyplinarny.pdf\" target=\"_blank\" rel=\"noopener\">Organizacja pracy<\/a>\n\t<\/figcaption><\/figure><br style=\"clear: both\" \/>\r\n<!-- row-open -->\r\n<figure class='gallery-item '>\r\n\t<div class='gallery-icon landscape'>\r\n\t\t<a href='https:\/\/pages.mini.pw.edu.pl\/~lucknerm\/wp-content\/uploads\/2021\/12\/04_Handout_ProjektInterdyscyplinarny.pdf'><img width=\"150\" height=\"116\" src=\"https:\/\/pages.mini.pw.edu.pl\/~lucknerm\/wp-content\/uploads\/2021\/12\/04_Handout_ProjektInterdyscyplinarny-pdf-150x116.jpg\" class=\"attachment-thumbnail size-thumbnail\" alt=\"\" loading=\"lazy\" \/><\/a>\r\n\t<\/div>\r\n\t<figcaption class='wp-caption-text gallery-caption' id='mla_gallery-1-352'>\n\t<a href=\"https:\/\/pages.mini.pw.edu.pl\/~lucknerm\/wp-content\/uploads\/2021\/12\/04_Handout_ProjektInterdyscyplinarny.pdf\" target=\"_blank\" rel=\"noopener\">Model biznesowy<\/a>\n\t<\/figcaption><\/figure><figure class='gallery-item '>\r\n\t<div class='gallery-icon landscape'>\r\n\t\t<a href='https:\/\/pages.mini.pw.edu.pl\/~lucknerm\/wp-content\/uploads\/2021\/12\/05_Handout_ProjektInterdyscyplinarny.pdf'><img width=\"150\" height=\"116\" src=\"https:\/\/pages.mini.pw.edu.pl\/~lucknerm\/wp-content\/uploads\/2021\/12\/05_Handout_ProjektInterdyscyplinarny-pdf-150x116.jpg\" class=\"attachment-thumbnail size-thumbnail\" alt=\"\" loading=\"lazy\" \/><\/a>\r\n\t<\/div>\r\n\t<figcaption class='wp-caption-text gallery-caption' id='mla_gallery-1-353'>\n\t<a href=\"https:\/\/pages.mini.pw.edu.pl\/~lucknerm\/wp-content\/uploads\/2021\/12\/05_Handout_ProjektInterdyscyplinarny.pdf\" target=\"_blank\" rel=\"noopener\">Prezentacja pomys\u0142\u00f3w<\/a>\n\t<\/figcaption><\/figure><br style=\"clear: both\" \/>\r\n<\/div>\r\n\n","protected":false},"excerpt":{"rendered":"<p>Analiza rynku Narz\u0119dzia do pracy zespo\u0142owej Organizacja pracy Ocena pracy badawczej Model biznesowy Przygotowanie produktu Prezentowanie idei Materia\u0142y:<\/p>\n","protected":false},"author":1,"featured_media":0,"parent":15,"menu_order":0,"comment_status":"closed","ping_status":"closed","template":"","meta":[],"_links":{"self":[{"href":"https:\/\/pages.mini.pw.edu.pl\/~lucknerm\/index.php\/wp-json\/wp\/v2\/pages\/333"}],"collection":[{"href":"https:\/\/pages.mini.pw.edu.pl\/~lucknerm\/index.php\/wp-json\/wp\/v2\/pages"}],"about":[{"href":"https:\/\/pages.mini.pw.edu.pl\/~lucknerm\/index.php\/wp-json\/wp\/v2\/types\/page"}],"author":[{"embeddable":true,"href":"https:\/\/pages.mini.pw.edu.pl\/~lucknerm\/index.php\/wp-json\/wp\/v2\/users\/1"}],"replies":[{"embeddable":true,"href":"https:\/\/pages.mini.pw.edu.pl\/~lucknerm\/index.php\/wp-json\/wp\/v2\/comments?post=333"}],"version-history":[{"count":3,"href":"https:\/\/pages.mini.pw.edu.pl\/~lucknerm\/index.php\/wp-json\/wp\/v2\/pages\/333\/revisions"}],"predecessor-version":[{"id":355,"href":"https:\/\/pages.mini.pw.edu.pl\/~lucknerm\/index.php\/wp-json\/wp\/v2\/pages\/333\/revisions\/355"}],"up":[{"embeddable":true,"href":"https:\/\/pages.mini.pw.edu.pl\/~lucknerm\/index.php\/wp-json\/wp\/v2\/pages\/15"}],"wp:attachment":[{"href":"https:\/\/pages.mini.pw.edu.pl\/~lucknerm\/index.php\/wp-json\/wp\/v2\/media?parent=333"}],"curies":[{"name":"wp","href":"https:\/\/api.w.org\/{rel}","templated":true}]}}